12213 (base 5) to base 2.
-100001000010001100
Convert 12121104122 (base 5) to base 2.
110110010100000101010101
What is -10200220020112 (base 3) in base 13?
-53acb0
What is 4aa1189 (base 11) in base 3?
121122100122222
12428109 (base 10) to base 7
210431361
-2846a (base 13) to base 10
-75462
What is 42524222 (base 6) in base 13?
34c5b3
131000322 (base 4) to base 7
1003323
-4bdda (base 15) to base 2
-111011010001000011
-106315 (base 10) to base 9
-171747
-f4862 (base 16) to base 5
-224022240
What is 177381 (base 9) in base 4?
122330323
What is -193780 (base 10) in base 7?
-1434646
What is 1110428 (base 15) in base 13?
26b297a
277524 (base 9) to base 6
3344551
-d5a810 (base 15) to base 8
-46604665
Convert -45305431 (base 7) to base 16.
-3c0a33
What is -13041214 (base 5) in base 11?
-87a27
What is b4a52 (base 12) in base 11?
15176a
Convert -1000011000000011100 (base 2) to base 16.
-4301c
What is -101945 (base 10) in base 15?
-20315
1100200022112 (base 3) to base 2
10110000010000010100
1010012221 (base 4) to base 9
464577
Convert -6119454 (base 10) to base 14.
-b5419c
What is 257237 (base 14) in base 10?
1287377
Convert 174589 (base 10) to base 3.
22212111021
What is -25150160 (base 7) in base 9?
-4230845
Convert 1004033 (base 5) to base 10.
16143
-1b3539 (base 14) to base 10
-969663
What is 2327869 (base 13) in base 6?
1024211501
-20120221110 (base 3) to base 4
-133222320
What is 20523332 (base 6) in base 11?
381422
147981 (base 16) to base 5
320414300
Convert -13131024 (base 5) to base 16.
-1fc5b
111c4d (base 14) to base 12
240565
What is -1100011011011100011 (base 2) in base 5?
-101013032
Convert -66827 (base 10) to base 7.
-365555
Convert 430110111 (base 5) to base 11.
101a950
2021210000102 (base 3) to base 14
2391dd
What is 437342 (base 8) in base 11?
a0631
1010101010100101110011 (base 2) to base 3
12021001020112
-2039614 (base 12) to base 9
-12341777
Convert -122220201220 (base 3) to base 8.
-1260604
What is -10312111322 (base 4) in base 12?
-513762
What is a6466 (base 12) in base 15?
44a8c
6443444 (base 7) to base 15
107458
Convert -5100550 (base 8) to base 14.
-26da52
Convert 190841 (base 10) to base 16.
2e979
Convert 17615b (base 15) to base 2.
100010100111011100111
133335445 (base 7) to base 6
505204441
Convert 123031200 (base 4) to base 16.
1b360
What is -100235211 (base 6) in base 7?
-20310616
369921 (base 12) to base 13
251122
Convert 11000111010010000 (base 2) to base 14.
29280
Convert -2043833 (base 10) to base 13.
-56738c
Convert -101000111100101100101 (base 2) to base 3.
-2112011121012
Convert -141221 (base 13) to base 11.
-303797
What is -145655344 (base 7) in base 8?
-45172247
Convert -1026024 (base 7) to base 16.
-1e66f
-2287346 (base 10) to base 5
-1041143341
112100100000 (base 3) to base 2
1000100111011111110
1011001011100 (base 2) to base 5
140344
Convert -30516626 (base 8) to base 11.
-3714717
What is -12333000 (base 6) in base 12?
-174160
What is 1241142 (base 8) in base 11?
215a60
-180a86 (base 14) to base 3
-1121001011220
204070 (base 11) to base 13
b60b7
What is 7c5f6b (base 16) in base 12?
2890b4b
-660623 (base 11) to base 16
-1018b7
Convert 111211020111 (base 3) to base 2.
1000010011011011100
-16218082 (base 9) to base 14
-110c992
-115b2b (base 13) to base 14
-aa5b1
What is -20121323 (base 4) in base 9?
-52202
Convert -11101111000110001000100 (base 2) to base 7.
-123410445
Convert 202233033202 (base 4) to base 10.
9106402
What is 30333166 (base 8) in base 16?
61b676
Convert -3390047 (base 13) to base 4.
-330131332112
Convert 10101011011111100001 (base 2) to base 15.
dd1dd
Convert 16b23 (base 13) to base 14.
11c87
3302223012 (base 4) to base 7
11306634
Convert -50881 (base 9) to base 8.
-101366
Convert -534555 (base 6) to base 3.
-2020010222
2f65e3 (base 16) to base 3
12211211000020
What is -42320 (base 6) in base 11?
-4345
111000510 (base 6) to base 16
1e9d7a
Convert 1031421220 (base 5) to base 13.
5c8191
7010271 (base 8) to base 3
10110110000211
-3bb154 (base 13) to base 12
-5a065b
-2101202012121 (base 3) to base 10
-1274443
Convert 29536 (base 12) to base 14.
170b8
1222220000222 (base 3) to base 15
15e44b
What is 24613 (base 14) in base 6?
1524013
Convert 111010010110001101010 (base 2) to base 10.
1911914
What is -385552 (base 10) in base 8?
-1361020
What is 3333300212 (base 4) in base 12?
4262b2
What is 3b52 (base 16) in base 10?
15186
-1111101011001000 (base 2) to base 15
-14050
be0a (base 16) to base 2
1011111000001010
Convert 31a60d (base 15) to base 11.
1375007
Convert 126314 (base 8) to base 11.
30265
Convert -8a7d0 (base 14) to base 4.
-1102013002
What is -12aa82 (base 11) in base 8?
-620217
Convert -2460231 (base 10) to base 4.
-21120221013
Convert -212022011000211 (base 3) to base 4.
-233033110321
43120347 (base 8) to base 13
1ba8bbb
Convert 11001110001011001010111 (base 2) to base 12.
231981b
235662 (base 10) to base 9
388236
Convert -4b40 (base 15) to base 12.
-9343
520658 (base 9) to base 7
2424413
1328748 (base 11) to base 15
305263
What is -400010 (base 16) in base 10?
-4194320
3833cd (base 14) to base 12
790949
Convert 1008750 (base 10) to base 2.
11110110010001101110
What is -1448b0 (base 12) in base 13?
-bb989
215258 (base 9) to base 14
34b9d
Convert 1422211 (base 5) to base 15.
8bdb
Convert -7048605 (base 9) to base 7.
-43616453
Convert -215644 (base 8) to base 10.
-72612
What is -126888 (base 15) in base 16?
-d7873
2343344433 (base 5) to base 3
101020212222121
Convert -13a670 (base 11) to base 6.
-4410143
What is -130200213 (base 4) in base 12?
-576b3
What is -2031013 (base 4) in base 6?
-105451
Convert -342113003 (base 5) to base 15.
-20046d
Convert -226353 (base 9) to base 7.
-1104111
What is 3330103010 (base 4) in base 16?
fc4c4
What is -4147a3 (base 15) in base 9?
-5750000
Convert 119679 (base 12) to base 3.
112112102110
10000001121220 (base 3) to base 4
12011201310
2220000212 (base 3) to base 5
3310020
332204401 (base 5) to base 6
50542451
-30103251 (base 7) to base 8
-11374427
What is -616089 (base 11) in base 6?
-33110502
What is 2031130212 (base 4) in base 11?
366317
-151118 (base 10) to base 9
-250258
What is -c2853 (base 13) in base 6?
-11245350
Convert 310110232 (base 4) to base 16.
3452e
What is 38c960 (base 13) in base 9?
2517658
Convert -1127706 (base 8) to base 10.
-307142
Convert 165183a (base 12) to base 9.
8558211
-118c529 (base 14) to base 4
-200010320321
Convert 1253330 (base 7) to base 2.
101000001001110001
What is 416011 (base 7) in base 11?
49958
What is 2a155 (base 15) in base 11?
92725
What is -597718 (base 10) in base 13?
-17c0a4
Convert -7430521 (base 8) to base 10.
-1978705
Convert 117425 (base 8) to base 6.
512313
Convert 387601 (base 11) to base 10.
610325
-21201010020121 (base 3) to base 14
-788c21
Convert 100920 (base 10) to base 16.
18a38
What is -1017756 (base 8) in base 9?
-451723
What is -11401323432 (base 5) in base 7?
-221054545
Convert 1500775 (base 8) to base 9.
720031
1334960 (base 14) to base 7
141542250
What is -10323033 (base 5) in base 10?
-89143
What is -1121213112 (base 4) in base 5?
-43221222
What is -34d15 (base 15) in base 10?
-168320
What is 85c6a (base 16) in base 10?
547946
What is 4aa936 (base 11) in base 3?
1111220022202
-db4a9 (base 16) to base 10
-898217
83016 (base 9) to base 3
2210000120
Convert 4db38f (base 16) to base 4.
103123032033
What is -581c44 (base 16) in base 14?
-aa4536
What is 3020220223 (base 4) in base 2?
11001000101000101011
Convert 115b9d (base 16) to base 11.
707740
1678522 (base 12) to base 5
2141414243
What is -2701391 (base 11) in base 4?
-101310230101
2475121 (base 8) to base 5
133433143
What is -31611466 (base 7) in base 16?
-29140c
What is 650664 (base 8) in base 5?
23430044
What is -1b9719 (base 16) in base 13?
-4b4019
What is 10033210120 (base 4) in base 7?
12311662
What is -124672 (base 8) in base 3?
-2012121021
-1020201111012 (base 3) to base 15
-d19eb
Convert 508118 (base 9) to base 12.
12635b
Convert c12c8 (base 13) to base 2.
1010100010101010111
What is -153084 (base 14) in base 5?
-142111002
What is -2b59b24 (base 13) in base 15?
-1349308
What is 101555604 (base 7) in base 3?
102020211201010
Convert -21e6a (base 16) to base 2.
-100001111001101010
Convert 223a4a5 (base 14) to base 13.
34ac46a
-1101011001010